 what is 14 + -26?
-12
In base 5, what is -30 + 3333?
3303
In base 8, what is 50 + 2?
52
In base 3, what is -22 - 220?
-1012
In base 10, what is -5 - -117?
112
In base 4, what is -1021 + 10?
-1011
In base 12, what is b8 - -38?
134
In base 11, what is 1 + 181?
182
In base 4, what is 1120102 + 2?
1120110
In base 15, what is 116 + -d?
108
In base 16, what is -191 - 4?
-195
In base 14, what is 4 - 1313?
-130d
In base 10, what is 4 - 845?
-841
In base 7, what is 2216 + -12?
2204
In base 12, what is 283 - -1?
284
In base 11, what is 175 + 13?
188
In base 2, what is 1001 + -100?
101
In base 8, what is 45 + -250?
-203
In base 12, what is -16 - -4?
-12
In base 9, what is -122 - 14?
-136
In base 16, what is -c35 - -4?
-c31
In base 13, what is -3 - 4aa?
-4b0
In base 12, what is -12 - -b?
-3
In base 14, what is 489 + -2?
487
In base 13, what is 4 - 1226?
-1222
In base 11, what is -30 + 41?
11
In base 12, what is 638a - -4?
6392
In base 12, what is 92 + 1?
93
In base 12, what is -74 + 13?
-61
In base 15, what is -4 + 194?
190
In base 12, what is -200 - 7?
-207
In base 2, what is 10010101100 + 0?
10010101100
In base 8, what is 2332 + 2?
2334
In base 8, what is 32 - 16?
14
In base 6, what is 3 + -354?
-351
In base 7, what is -552 - -2?
-550
In base 13, what is -3a1 + -3?
-3a4
In base 4, what is 10003 - -3?
10012
In base 10, what is -4 + 1388?
1384
In base 12, what is -5 + 2?
-3
In base 4, what is 20 + -1210?
-1130
In base 2, what is -1010110 + 1?
-1010101
In base 16, what is -a + -24?
-2e
In base 14, what is 16 - 2d7?
-2c1
In base 15, what is c + -8?
4
In base 16, what is -1 + -82a?
-82b
In base 13, what is 8 - 138a?
-1382
In base 6, what is -13400 - 5?
-13405
In base 6, what is -243502 + 2?
-243500
In base 8, what is -34 + 5?
-27
In base 8, what is -4 - -12?
6
In base 14, what is abc + -3?
ab9
In base 12, what is 2 + -403?
-401
In base 16, what is 82 - 1a?
68
In base 2, what is -100 - 11110010?
-11110110
In base 4, what is -10303 + 20?
-10223
In base 13, what is -365b - -2?
-3659
In base 4, what is -13213 - -11?
-13202
In base 4, what is -10 - -1113?
1103
In base 12, what is -23a + 2?
-238
In base 11, what is 1a1 - 7?
195
In base 10, what is 0 + 129?
129
In base 11, what is a5 - -13?
108
In base 6, what is 1120 + 1?
1121
In base 5, what is -12124 + 10?
-12114
In base 15, what is -5d3 + -1?
-5d4
In base 7, what is -130 + 31?
-66
In base 13, what is c5a4 - 2?
c5a2
In base 14, what is 11 + -4?
b
In base 16, what is -4 + 15c1?
15bd
In base 14, what is -1b7d3 - -1?
-1b7d2
In base 8, what is 362 + 0?
362
In base 16, what is -5 - 11a?
-11f
In base 4, what is -11323112 + 3?
-11323103
In base 6, what is -10 - 44?
-54
In base 6, what is 5 - -21?
30
In base 12, what is -213 + 5?
-20a
In base 13, what is -1a - 3?
-20
In base 10, what is 63 + -2?
61
In base 3, what is 201 - 1101020?
-1100112
In base 9, what is -24 - -136?
112
In base 13, what is 11ca - -4?
1201
In base 9, what is 4 - 322?
-317
In base 4, what is 1 + 10223?
10230
In base 14, what is 6 + -6a?
-64
In base 11, what is 8 + -3?
5
In base 12, what is 92 + 25?
b7
In base 15, what is -4 - -11b?
117
In base 7, what is 4316 + -2?
4314
In base 14, what is 3 + -5a?
-57
In base 7, what is -4 + 100?
63
In base 11, what is 4 - 29a?
-296
In base 2, what is 10 - -11?
101
In base 9, what is 2 - -232?
234
In base 12, what is 13 + -93?
-80
In base 13, what is -6 + -8a?
-93
In base 10, what is 19 - 6?
13
In base 11, what is -6 - -311?
306
In base 10, what is 10804 - -2?
10806
In base 16, what is c - -4?
10
In base 15, what is 1 - -151?
152
In base 5, what is -4330 - -4?
-4321
In base 16, what is 5 - f?
-a
In base 12, what is 53 + 4?
57
In base 6, what is 0 - 1131?
-1131
In base 5, what is -10 - 100224?
-100234
In base 13, what is 173 - 7?
169
In base 8, what is 1576 + 14?
1612
In base 7, what is 3 + 53?
56
In base 15, what is 4 - 92?
-8d
In base 3, what is -10020 + -12?
-10102
In base 7, what is -1 - 131?
-132
In base 5, what is 2 - 1?
1
In base 9, what is 3 + -47?
-44
In base 11, what is -78 + 4?
-74
In base 11, what is 2 + -249?
-247
In base 15, what is 5 - 7a?
-75
In base 9, what is 1254 + -2?
1252
In base 8, what is 5 - -1356?
1363
In base 8, what is 0 + 1111?
1111
In base 13, what is 3 + -1c?
-19
In base 9, what is 32 - 1?
31
In base 13, what is 4 + -3a?
-36
In base 12, what is -4 - -17b?
177
In base 16, what is -1a7 + 4?
-1a3
In base 4, what is -1310 + -20?
-1330
In base 12, what is -150 + -4?
-154
In base 16, what is -5 - c?
-11
In base 8, what is 2 - 1560?
-1556
In base 10, what is -53 - 4?
-57
In base 7, what is 6263 - 4?
6256
In base 5, what is 10 - -210?
220
In base 7, what is -1 + 4?
3
In base 4, what is 1313 + 3?
1322
In base 9, what is -1111 - -6?
-1104
In base 7, what is 1424 + -3?
1421
In base 13, what is 60 - -6?
66
In base 16, what is 11 - 13?
-2
In base 2, what is 1110 - -100110?
110100
In base 11, what is 1a - -15?
34
In base 12, what is -101 - 0?
-101
In base 4, what is -1221 + 3?
-1212
In base 9, what is -47 - -38?
-8
In base 11, what is -39 + 5?
-34
In base 10, what is -212 - 3?
-215
In base 9, what is 2 + 78?
81
In base 11, what is 15a8 - -5?
1602
In base 4, what is -10 + -331?
-1001
In base 11, what is 4 - 112?
-109
In base 7, what is 10210 + 0?
10210
In base 16, what is a0 - -10?
b0
In base 11, what is -a + 9?
-1
In base 9, what is 1526 + -2?
1524
In base 9, what is 15 + 64?
80
In base 15, what is -124 + 0?
-124
In base 13, what is 11 - -a?
1b
In base 10, what is 1929 + 1?
1930
In base 14, what is 0 + -1d?
-1d
In base 14, what is -20 + 357?
337
In base 2, what is 10100100 - 0?
10100100
In base 5, what is 22031 - -3?
22034
In base 9, what is -4 - -2886?
2882
In base 3, what is -11120 + -2122?
-21012
In base 3, what is 12 + -2112?
-2100
In base 2, what is 101 - 10111100?
-10110111
In base 10, what is 1 + 85?
86
In base 12, what is -9a7 - -1?
-9a6
In base 10, what is -54 + -2?
-56
In base 6, what is -1 - -315?
314
In base 14, what is -12 - -269?
257
In base 11, what is -26 - 12?
-38
In base 4, what is -101 - 1012?
-1113
In base 2, what is 10 + 111101100?
111101110
In base 14, what is 4 - b77?
-b73
In base 5, what is 423 + -33?
340
In base 2, what is -100 + 100110010?
100101110
In base 15, what is 53d - -2?
540
In base 11, what is 4 - 63?
-5a
In base 6, what is -1523 - 21?
-1544
In base 3, what is 201221 - 0?
201221
In base 4, what is 10 + 100210?
100220
In base 10, what is -11159 - 3?
-11162
In base 3, what is -101202 - 2?
-101211
In base 5, what is -1 - 1140?
-1141
In base 5, what is 431032 + 3?
431040
In base 7, what is 110 - 20?
60
In base 5, what is 10 - 413?
-403
In base 2, what is -100 + -1110010?
-1110110
In base 2, what is -11110 + -1?
-11111
In base 9, what is -36 - -2?
-34
In base 11, what is 17 - -277?
293
In base 7, what is 605 + 5?
613
In base 8, what is 376 - 5?
371
In base 6, what is 40012 - 4?
40004
In base 16, what is -14 + 5?
-f
In base 9, what is 3 - 214?
-211
In base 10, what is 6 - 31?
-25
In base 11, what is -a + -25?
-34
In base 9, what is 0 - 335?
-335
In base 9, what is -276 + 6?
-270
In base 10, what is 12 + 350?
362
In base 7, what is -12 + 110?
65
In base 4, what is 3133 - 1?
3132
In base 10, what is 16 + 62?
78
In base 6, what is -3 + -330?
-333
In base 12, what is -6251 - 5?
-6256
In base 11, what is -38 + -1?
-39
In base 4, what is 22022 - -2?
22030
In base 4, what is 2 - 232?
-230
In base 8, what is -710 + 31?
-657
In base 14, what is -3 - -12?
d
In base 10, what is -2075 - -1?
-2074
In base 6, what is 355 - -2?
401
In base 15, what is -2 + 51?
4e
In base 5, what is -31034 + -10?
-31044
In base 12, what is a4 - -11?
b5
In base 7, what is -6 + 34?
25
In base 10, what is -3 - 63?
-66
In base 5, what is 1141 + -23?
1113
In base 5, what is 30 + 3?
33
In base 4, what is 3020 + -110?
2310
In base 7, what is -1 - 100?
-101
In base 11, what is -2 - 669?
-670
In base 5, what is -22 - -2403?
2331
In base 13, what is -4 + -12cc?
-1303
In base 10, what is -11542 - -4?
-11538
In base 7, what is -1 - -10663?
10662
In base 2, what is -1101 + -11000000?
-11001101
In base 11, what is 5 + -2986?
-2981
In base 13, what is -1 + -a75?
-a76
In base 13, what is -c - 285?
-294
In base 13, what is -1bc - 0?
-1bc
In base 2, what is -1 - 1001011111?
-1001100000
In base 7, what is -6 - 0?
-6
I